-9).
154
Let h(k) = -k**3 - 33*k**2 - 86*k + 117. What is h(-30)?
-3
Let l(t) = -t**3 - 5*t**2 + 9*t - 32. What is l(-7)?
3
Let s(f) = -60*f + 1662. Calculate s(31).
-198
Let a(r) = -r**2 + 15*r - 78. Give a(11).
-34
Let z(x) = -26*x - 171. Determine z(-6).
-15
Let x(b) = 27*b - 426. What is x(17)?
33
Let o(m) = -m**3 - 136*m**2 - 415*m - 2137. Give o(-133).
-9
Let s(a) = -4*a**2 - 47*a - 167. Calculate s(-7).
-34
Let x(j) = -38*j - 1452. Give x(-38).
-8
Let c(t) = -8*t**3 + 15*t**2 + 13*t - 4. What is c(-4)?
696
Let g(f) = -f**3 + 8*f**2 + 80*f - 126. Calculate g(13).
69
Let v(b) = -b**2 - 10*b + 37. Give v(-12).
13
Let x(h) = -h**2 - 58*h - 326. Determine x(-45).
259
Let z(t) = 33*t + 394. Give z(-12).
-2
Let l(t) = t**3 - 88*t**2 + 985*t - 717. What is l(75)?
33
Let q(w) = -2*w**3 - 21*w**2 + 29*w. Give q(-12).
84
Let z(a) = 23*a**2 - 37*a + 1. Calculate z(2).
19
Let y(v) = 32*v + 217. Give y(-8).
-39
Let t(z) = z**3 + 145*z**2 + 295*z + 1103. Calculate t(-143).
-184
Let z(l) = -l**2 - 279*l + 3210. Calculate z(11).
20
Let o(z) = -18*z**2 + 69*z - 509. Give o(8).
-1109
Let r(p) = p**3 + 2*p**2 - 15*p + 17. Calculate r(0).
17
Let u(b) = -b**3 + 10*b**2 + 52*b - 48. Calculate u(14).
-104
Let s(b) = -30*b + 78. Calculate s(12).
-282
Let f(o) = 7*o**3 - 1540*o**2 - 3*o + 662. What is f(220)?
2
Let h(t) = -t**2 - 694*t - 3429. Determine h(-5).
16
Let y(f) = 4*f**3 - 4*f**2 + 8*f - 23. Give y(4).
201
Let c(r) = r**3 + 7*r**2 + 237*r + 1958. Determine c(-8).
-2
Let k(m) = -7*m**3 - m**2 + 7*m + 1. What is k(4)?
-435
Let u(s) = 3*s**3 + 48*s**2 - s + 28. What is u(-15)?
718
Let l(b) = -2*b**2 - 1302*b - 2596. Give l(-2).
0
Let s(l) = -109*l + 1768. Calculate s(16).
24
Let o(r) = 3*r**2 + 95*r - 280. Give o(3).
32
Let i(p) = 965*p - 6761. Give i(7).
-6
Let z(p) = -p**3 + 8*p**2 + 25*p - 6. Give z(12).
-282
Let x(z) = 479*z**2 - 4309*z - 24. Give x(9).
-6
Let w(m) = -2*m**3 - 21*m**2 + 268*m - 54. Give w(-18).
-18
Let d(r) = -13*r**2 - 16*r - 14. Determine d(-1).
-11
Let a(l) = 3*l + 362. Give a(-31).
269
Let j(b) = -194*b + 24241. Give j(125).
-9
Let w(z) = z**3 - z**2 + 12*z + 33. Give w(0).
33
Let v(h) = h**3 + 22*h**2 - 105*h - 20. Calculate v(-26).
6
Let l(a) = 35*a - 496. Give l(15).
29
Let u(p) = -56*p**2 + 11650*p - 416. Determine u(208).
0
Let l(g) = -30*g - 2275. Calculate l(-76).
5
Let j(d) = 277*d + 44587. Determine j(-161).
-10
Let z(q) = 2*q**2 - 163*q - 511. Determine z(-3).
-4
Let j(k) = -12*k - 331. Determine j(-16).
-139
Let v(u) = u**3 + 16*u**2 + 5*u - 195. Determine v(-15).
-45
Let b(a) = 331*a + 18883. Calculate b(-57).
16
Let p(f) = -21*f**3 - 553*f**2 - 185*f - 62. What is p(-26)?
16
Let w(i) = i**2 + 9*i + 17. Give w(-6).
-1
Let y(a) = -a**3 - 58*a**2 + 38*a + 2207. Determine y(-58).
3
Let m(y) = y**2 + 455*y + 7018. Calculate m(-16).
-6
Let j(b) = -b**2 + 900*b + 41580. Give j(-44).
44
Let k(c) = 3*c**3 - 27*c**2 + 43*c + 1. Give k(7).
8
Let r(g) = -410*g + 4500. Calculate r(11).
-10
Let r(m) = -2*m**3 + 289*m**2 + 140*m + 741. What is r(145)?
16
Let i(p) = 222*p + 1536. Determine i(-7).
-18
Let q(r) = r**3 - 13*r**2 - 36*r + 12. What is q(15)?
-78
Let j(f) = -27*f**3 + 4*f**2 + f - 2. Calculate j(-1).
28
Let x(w) = 8*w**3 - 3*w**2 + 2*w + 1. Calculate x(2).
57
Let n(o) = 628*o + 8153. Calculate n(-13).
-11
Let l(n) = 2*n**3 + 3*n**2 + 226*n - 228. Calculate l(1).
3
Let f(t) = 49*t**2 - 2561*t + 671. Determine f(52).
-5
Let d(q) = q**2 + 152*q + 1810. Give d(-139).
3
Let f(x) = -154*x - 5076. Calculate f(-33).
6
Let q(u) = -83*u**2 + 399*u + 59. What is q(5)?
-21
Let g(f) = -5*f**3 + 540*f**2 + 8*f - 871. What is g(108)?
-7
Let o(f) = f**2 + 257*f - 4580. Give o(-274).
78
Let l(y) = -y**3 + 13*y**2 - 15*y - 13. Give l(12).
-49
Let b(t) = -16*t + 261. Give b(14).
37
Let t(w) = 52*w + 2786. Determine t(-53).
30
Let n(y) = 29*y**2 - 201*y - 15. Give n(7).
-1
Let f(o) = -o**3 + 35*o**2 + o + 75. Calculate f(35).
110
Let j(m) = -10*m - 574. Calculate j(-59).
16
Let a(m) = 2*m**3 - 12*m**2 - 3*m + 38. What is a(9)?
497
Let g(u) = -623*u + 120839. What is g(194)?
-23
Let i(p) = -22*p + 451. What is i(22)?
-33
Let w(c) = -4*c**2 - 93*c - 103. Give w(-21).
86
Let z(o) = -8*o**3 - o**2 + 17*o - 30. Calculate z(2).
-64
Let i(g) = -152*g**2 + 5*g + 6. Calculate i(-1).
-151
Let c(s) = 1685*s + 13463. Determine c(-8).
-17
Let k(j) = 5*j**3 - 34*j**2 + 125*j - 888. What is k(7)?
36
Let j(l) = -579*l - 2337. Calculate j(-4).
-21
Let c(k) = 46*k - 650. Determine c(14).
-6
Let i(f) = 10*f**2 - 150*f + 27. Give i(15).
27
Let l(y) = -2*y**3 + 5*y**2 + 44*y - 177. Give l(5).
-82
Let k(m) = 92*m + 279. Give k(-3).
3
Let o(v) = -v**3 + 51*v**2 - 67*v + 3474. What is o(51)?
57
Let f(b) = 29*b - 93. What is f(7)?
110
Let q(b) = -46*b**2 + 25*b - 54. Calculate q(2).
-188
Let d(m) = -2*m**3 + 22*m**2 + 12*m - 5. Calculate d(12).
-149
Let k(a) = 6*a**2 - 48*a - 10. Give k(8).
-10
Let q(o) = 402*o + 9986. What is q(-25)?
-64
Let h(l) = 17*l - 8. Give h(-1).
-25
Let x(j) = 7*j**2 - 81*j + 220. Determine x(7).
-4
Let c(q) = 23*q**2 - 737*q + 39. Give c(32).
7
Let m(b) = 91*b - 369. Calculate m(4).
-5
Let s(k) = k**3 + 44*k**2 - 79*k - 1465. Determine s(-45).
65
Let s(c) = c**2 - 43*c - 367. Determine s(50).
-17
Let l(t) = t**3 + 97*t**2 - 99*t - 133. Give l(-98).
-35
Let h(c) = 2*c**2 + 28*c + 56. What is h(-14)?
56
Let h(p) = -316*p + 109. Give h(1).
-207
Let t(v) = 159*v + 4633. What is t(-29)?
22
Let f(y) = 57*y - 115. Give f(1).
-58
Let l(q) = q**3 + 13*q**2 - 12*q - 53. Determine l(-14).
-81
Let v(b) = -515*b - 10416. Determine v(-20).
-116
Let j(m) = m**2 - 23*m - 86. Determine j(-10).
244
Let b(l) = -4*l**3 + 4*l**2 + 10*l - 2. Calculate b(-2).
26
Let d(b) = -43*b + 1151. What is d(30)?
-139
Let l(f) = 7*f**3 - 37*f**2 - 13*f + 8. Give l(5).
-107
Let h(g) = 233*g + 2343. Give h(-10).
13
Let a(q) = 48*q - 571. What is a(12)?
5
Let i(u) = -u**3 - 3*u**2 + 107*u + 546. Calculate i(-8).
10
Let r(b) = -2*b**2 + 52*b - 330. Calculate r(12).
6
Let i(l) = 8*l - 126. Give i(27).
90
Let p(q) = -7*q**2 + 214*q - 1558. Determine p(19).
-19
Let f(q) = -q**3 + 11*q**2 + 279*q + 11. Determine f(-12).
-25
Let z(t) = 359*t + 2539. Calculate z(-7).
26
Let b(n) = -8*n**2 - 187*n + 68. Calculate b(-25).
-257
Let t(c) = c**3 - 8*c**2 + 6*c + 9. What is t(7)?
2
Let v(s) = -385*s + 397. Give v(1).
12
Let l(d) = -227*d - 1331. Give l(-6).
31
Let o(p) = -57*p - 2269. Calculate o(-40).
11
Let x(g) = -g**2 + g - 17. Give x(2).
-19
Let r(y) = y**2 - 17*y + 23. Give r(16).
7
Let l(b) = b**2 - 7*b + 6. Give l(7).
6
Let i(a) = a**3 + 31*a**2 - 24*a + 254. Give i(-32).
-2
Let u(k) = k**3 - 49*k**2 + 45*k - 49. Determine u(48).
-193
Let g(l) = l**2 - 168*l + 3329. Calculate g(23).
-6
Let o(x) = 54*x + 2366. What is o(-44)?
-10
Let h(w) = 40*w + 559. Give h(-15).
-41
Let w(q) = q**2 + 44*q - 260. Give w(-48).
-68
Let i(b) = -90*b + 897. Calculate i(10).
-3
Let w(h) = -h**3 + 124*h**2 - 809*h - 55. Determine w(7).
15
Let v(l) = -23*l**3 + l**2 - 2. Determine v(1).
-24
Let g(r) = -2235*r + 17872. Determine g(8).
-8
Let n(w) = 406*w + 21850. What is n(-54)?
-74
Let c(g) = 15*g + 203. Calculate c(-29).
-232
Let l(j) = -j**3 - 32*j**2 + 18*j - 233. Calculate l(-33).
262
Let q(d) = -120*d + 2917. Give q(24).
37
Let c(t) = 223*t**2 - 1316*t - 9. What is c(6)?
123
Let d(k) = -191*k - 3951. What is d(-20)?
-131
Let l(k) = 5*k**2 - 55*k - 2609. What is l(-18)?
1
Let n(j) = 85*j + 14116. Give n(-166).
6
Let v(t) = 315*t + 1511. What is v(-4)?
251
Let s(t) = t**3 - 19*t**2 - 21*t + 714. What is s(18)?
12
Let t(l) = -125*l - 1137. Give t(-9).
-12
Let g(l) = -3*l**2 + 26*l - 130. Give g(7).
-95
Let j(f) = 34*f**3 + 2*f**2 - 7*f. Give j(1).
29
Let d(r) = -6*r**2 + 5*r + 2. Calculate d(3).
-37
Let f(h) = -11*h**2 + 98*h - 1. What is f(9)?
-10
Let l(f) = 2*f**2 + 209*f - 335. Calculate l(-106).
-17
Let d(j) = -j**3 - 12*j**2 - 34*j - 8. Calculate d(-8).
8
Let x(y) = y**3 + 159*y**2 + 160*y + 347. Calculate x(-158).
31
Let j(r) = 18*r**2 - 78*r + 36. Determine j(4).
12
Let d(k) = -4*k**2 - 8*k + 13. What is d(-6)?
-83
Let v(y) = 70*y - 412. What is v(8)?
148
Let i(x) = -2*x**3 - 213*x**2 + 17984*x + 312. Give i(-162).
-12
Let w(z) = -1111*z - 12219. Give w(-11).
2
Let x(p) = -19*p + 84. Calcula